to base 9.
-23735
What is -265 (base 10) in base 7?
-526
-1044 (base 5) to base 3
-12112
Convert 5503 (base 14) to base 5.
432303
63c8 (base 14) to base 8
41514
-1055100 (base 6) to base 3
-2202102100
Convert -11b (base 13) to base 6.
-521
What is 619 (base 14) in base 8?
2257
Convert 2f54 (base 16) to base 14.
45b6
What is 734 (base 10) in base 2?
1011011110
What is 2100011 (base 3) in base 8?
3251
Convert 2216 (base 7) to base 5.
11142
-311112 (base 5) to base 8
-23655
-4 (base 10) to base 8
-4
282 (base 9) to base 11
1a5
Convert 2227 (base 8) to base 15.
535
Convert -87c (base 16) to base 9.
-2873
What is 104112 (base 5) in base 9?
5013
55a (base 13) to base 4
32120
43224 (base 7) to base 9
15663
-10335 (base 7) to base 4
-220032
Convert -53c (base 13) to base 9.
-1205
Convert -280 (base 12) to base 15.
-1a9
Convert -1433 (base 8) to base 7.
-2214
What is 3bc3 (base 14) in base 11?
7a2a
b42a (base 12) to base 8
46242
Convert 313421 (base 5) to base 9.
15341
What is -88a (base 12) in base 16?
-4ea
What is -101010110 (base 2) in base 13?
-204
317 (base 12) to base 4
13003
What is -876a (base 13) in base 15?
-58b7
Convert 2e9e (base 15) to base 8.
23501
123103 (base 4) to base 6
12031
Convert 323 (base 14) to base 8.
1153
Convert 110606 (base 7) to base 6.
230152
What is 101141 (base 6) in base 8?
17565
-1515 (base 8) to base 5
-11340
Convert -203010 (base 5) to base 6.
-50410
What is -12807 (base 9) in base 13?
-3c43
-121210 (base 3) to base 12
-319
What is -29692 (base 10) in base 13?
-10690
-63a6 (base 14) to base 9
-25528
-914 (base 11) to base 12
-780
What is -4614 (base 9) in base 13?
-1729
Convert -11215 (base 7) to base 12.
-179a
Convert -3324 (base 7) to base 14.
-614
113362 (base 7) to base 10
20428
Convert -41 (base 6) to base 7.
-34
22411 (base 7) to base 9
7724
What is -161635 (base 7) in base 15?
-96a1
What is 2200222 (base 3) in base 5?
30340
-120021 (base 3) to base 15
-1c7
What is 563 (base 12) in base 2?
1100011011
Convert 1104311 (base 5) to base 2.
100101110000011
Convert -2308 (base 10) to base 16.
-904
21746 (base 10) to base 8
52362
Convert -23 (base 15) to base 14.
-25
What is 9929 (base 15) in base 4?
13322313
What is 3511 (base 6) in base 16?
343
10003 (base 5) to base 3
212021
133222 (base 4) to base 14
a4a
Convert 13310 (base 4) to base 8.
764
Convert 575 (base 9) to base 6.
2105
Convert -1372 (base 8) to base 11.
-633
Convert 1aad (base 14) to base 6.
34253
Convert -a174 (base 12) to base 5.
-1030022
What is -267b (base 15) in base 10?
-8216
What is -2055 (base 6) in base 5?
-3332
What is 1010000001 (base 2) in base 11?
533
What is 223 (base 9) in base 2?
10110111
Convert -783 (base 13) to base 9.
-1683
-774 (base 15) to base 6
-11444
Convert 3401 (base 8) to base 13.
a7c
What is -1503 (base 6) in base 10?
-399
What is 3502 (base 6) in base 3?
1010202
What is -ddd3 (base 15) in base 4?
-23132112
What is 222000 (base 3) in base 10?
702
487a (base 16) to base 13
85a3
-1000111011 (base 2) to base 11
-47a
Convert 21209 (base 10) to base 12.
10335
What is -aa16 (base 11) in base 16?
-38c9
Convert -260 (base 14) to base 13.
-2a8
What is 3145 (base 8) in base 7?
4526
What is 877 (base 9) in base 14?
394
What is -665 (base 8) in base 7?
-1163
What is 1a2e (base 15) in base 12?
3345
-1212 (base 6) to base 11
-24a
7660 (base 9) to base 10
5643
2332044 (base 5) to base 3
2011200020
Convert 328 (base 12) to base 16.
1d0
What is -136 (base 12) in base 8?
-272
-431b (base 13) to base 9
-13704
2c0 (base 13) to base 8
756
1600 (base 7) to base 8
1175
Convert -13311 (base 4) to base 16.
-1f5
Convert -23301301 (base 4) to base 8.
-136161
321130 (base 4) to base 13
189a
-62 (base 11) to base 5
-233
Convert -101111110111 (base 2) to base 16.
-bf7
206 (base 16) to base 2
1000000110
What is -36 (base 8) in base 5?
-110
Convert 107 (base 12) to base 6.
411
What is -615 (base 13) in base 10?
-1032
What is 3323 (base 4) in base 3?
100022
Convert 212200 (base 3) to base 16.
27f
22034 (base 5) to base 14
7a7
Convert 42 (base 15) to base 4.
332
What is -1a35 (base 13) in base 2?
-111101011011
What is -2026 (base 11) in base 5?
-41230
What is -42394 (base 11) in base 16?
-f0fc
What is c25c (base 14) in base 5?
2032102
Convert 10302 (base 4) to base 12.
216
257b (base 12) to base 6
31435
-10609 (base 16) to base 13
-246c1
Convert -150301 (base 7) to base 2.
-111000100100000
-162 (base 9) to base 14
-9b
Convert 1312 (base 7) to base 14.
279
5324 (base 7) to base 9
2518
Convert 1011000000110 (base 2) to base 13.
2749
What is -6c (base 16) in base 4?
-1230
Convert 6ba (base 16) to base 6.
11550
Convert -1943 (base 13) to base 11.
-2920
-155272 (base 8) to base 2
-1101101010111010
Convert -598a (base 11) to base 9.
-11673
Convert -11110000 (base 2) to base 7.
-462
What is -2530 (base 7) in base 6?
-4224
What is 34110 (base 5) in base 16?
965
What is 13026 (base 8) in base 9?
7672
What is -2603 (base 9) in base 6?
-13003
What is -520 (base 7) in base 16?
-103
730 (base 8) to base 4
13120
Convert 2 (base 4) to base 10.
2
Convert -9801 (base 11) to base 13.
-5b80
-4372 (base 8) to base 6
-14350
What is -2657 (base 14) in base 11?
-5079
Convert 18a3 (base 13) to base 7.
13510
Convert 51006 (base 11) to base 6.
1333034
Convert -1175 (base 12) to base 3.
-2200122
Convert -28067 (base 10) to base 4.
-12312203
Convert -9157 (base 10) to base 5.
-243112
Convert 1725 (base 11) to base 2.
100010011101
What is -2fb8 (base 16) in base 10?
-12216
What is 24122 (base 5) in base 14?
919
-11243 (base 5) to base 11
-689
Convert -f22 (base 16) to base 14.
-15aa
-183 (base 13) to base 11
-231
Convert 1d48 (base 15) to base 9.
8655
-10 (base 5) to base 3
-12
2831 (base 9) to base 13
c82
What is -143320 (base 7) in base 8?
-65721
Convert 714 (base 11) to base 14.
458
What is 14322 (base 5) in base 11?
a02
Convert 310312 (base 4) to base 2.
110100110110
What is -1728 (base 10) in base 9?
-2330
What is 2211010 (base 4) in base 10?
10564
What is 2716 (base 13) in base 2?
1010111011100
What is -213362 (base 7) in base 14?
-d7d9
Convert -cfea (base 16) to base 3.
-2201000100
Convert -24b4 (base 15) to base 7.
-31540
7961 (base 11) to base 13
49c8
-24e (base 16) to base 11
-497
What is -419 (base 10) in base 5?
-3134
-39406 (base 10) to base 2
-1001100111101110
What is -110023 (base 4) in base 8?
-2413
Convert -10312 (base 4) to base 15.
-15a
-33334 (base 11) to base 14
-13872
-239 (base 13) to base 10
-386
What is -10322011 (base 4) in base 15?
-5e51
Convert 12102002 (base 4) to base 2.
110010010000010
What is 3c (base 14) in base 3?
2000
What is 1351 (base 13) in base 16?
ad2
Convert 620 (base 7) to base 3.
102102
-5a (base 14) to base 7
-143
386 (base 12) to base 8
1026
What is -7a1 (base 16) in base 5?
-30303
Convert 204 (base 14) to base 7.
1104
Convert aa (base 16) to base 11.
145
Convert 20010000 (base 3) to base 16.
1167
32b (base 16) to base 4
30223
Convert 24463 (base 11) to base 15.
a63e
-11022 (base 3) to base 4
-1310
Convert -321311 (base 4) to base 16.
-e75
10011000101 (base 2) to base 16
4c5
Convert 24334 (base 7) to base 9.
8631
10100001 (base 3) to base 5
34211
-89 (base 16) to base 4
-2021
What is -8574 (base 12) in base 5?
-432012
Convert -212 (base 12) to base 13.
-1a3
What is -130225 (base 6) in base 15?
-3738
What is 98a9 (base 12) in base 4?
10013001
1651 (base 10) to base 7
4546
Convert 2 (base 13) to base 11.
2
What is -300 (base 15) in base 7?
-1653
-703 (base 16) to base 9
-2414
31577 (base 8) to base 5
410213
What is 1a84 (base 11) in base 6?
20105
Convert -6466 (base 9) to base 7.
-16605
133212 (base 5) to base 8
12470
What is 8316 (base 9) in base 12?
3636
What is 1440313 (base 5) in base 8?
73764
Convert 296 (base 12) to base 7.
1113
What is -32045 (base 7) in base 5?
-223142
What is -3 (base 4) in base 13?
-3
Convert -596b (base 15) to base 9.
-28052
Convert 3112 (base 5) to base 11.
340
What is 130633 (base 7) in base 4?
11330020
-530 (base 14) to base 5
-13042
What is 188e (base 15) in base 12?
30a5
364 (base 16) to base 9
1164
What is -200201 (base 3) in base 15?
-23a
Convert -31020 (base 4) to base 3.
-1011010
Convert 10321020 (base 4) to base 6.
232440
Convert cd8 (base 15) to base 2.
101101010111
Convert 51868 (base 9) to base 2.
100